15*135*(-2 - -5)/(-6). Calculate the greatest common divisor of 48 and f.
6
Let r = -858 + 1118. Suppose -269 = -6*n - 35. Calculate the highest common factor of r and n.
13
Suppose 67*f - 7176 + 141 = 0. What is the greatest common factor of 14805 and f?
105
Suppose 6*t = 6, -p + 19*t = 14*t - 807. Calculate the greatest common divisor of p and 84.
28
Let m = 21 - 12. Suppose -y - 3*y - 3*n + 5 = 0, m = -3*y + 2*n. Let c(u) = -3*u + 2. Let p be c(y). What is the highest common divisor of p and 35?
5
Let k(c) = -6*c - 3 + 4 + c**3 + 14 - 18*c - 6*c**2. Let b be k(9). What is the greatest common divisor of b and 2?
2
Let b(o) = -o + 242. Let c be b(0). Let y = 275 + -26. Let g = y + -227. What is the greatest common factor of c and g?
22
Let g be 15 + -10 - 6/2. Suppose 65 = g*i + 5. Suppose 0 = 4*j + 8, -4 + i = 5*t - 3*j. What is the greatest common divisor of 12 and t?
4
Let q(k) = 18*k**3 + 3*k**2 - 161*k + 465. Let d be q(3). Calculate the greatest common divisor of 75 and d.
15
Let a(b) = -b**2 + 12*b - 33. Let d be a(8). Let r(v) = 260*v**2 - 5*v - 1. Let f be r(d). What is the greatest common factor of 24 and f?
24
Let x = -22374 + 36018. What is the highest common divisor of x and 36?
36
Let j(n) = n**3 + 64*n**2 + 129*n + 313. Let g be j(-62). What is the greatest common divisor of 2619 and g?
3
Let v be (21 + -19)*-5*77/(-70). What is the greatest common factor of v and 4411?
11
Let h = -6049 - -6707. What is the highest common divisor of h and 1222?
94
Let y be (-60)/(-45) + (-2)/(-3). Suppose -p + 3*p = -y*k + 18, 5*p + k - 65 = 0. Calculate the highest common factor of p and 224.
14
Let f = -3077 + 3078. Calculate the greatest common factor of 6 and f.
1
Let i be (-6)/(-9)*(0 - 3). Let h be 1/(-2) + (-185)/i. Let t = 278701 + -278563. Calculate the greatest common factor of t and h.
46
Let u(s) be the second derivative of -s**3/3 + 21*s**2/2 - 14*s. Let g be u(7). Let l(t) = t + 6. Let c be l(g). What is the highest common factor of 143 and c?
13
Let k be (774 + -17 - 10 - 11) + 0/1. Calculate the highest common factor of k and 6808.
184
Let w = -373 - -813. Suppose 0 = 7*s - 3*s - w. Suppose -281*z = 5*t - 282*z - 49, 11 = 2*t - 9*z. Calculate the highest common divisor of s and t.
10
Let m(p) = -2*p**3 + 35*p**2 + 587*p + 158. Let k be m(28). Let g(l) = 2*l - 2. Let q be g(6). Calculate the highest common factor of q and k.
10
Suppose -2*z + z = 0, 2*z + 8 = 4*k. Let i = -81 - -94. Suppose 5*v - 73 = b, -5*b - k = i. What is the greatest common divisor of 35 and v?
7
Let c be ((-1)/2 + -1)*2. Let i be (-16)/c - (-1)/(-3). Let f(t) = -t**2 - 519*t + 5310. Let a be f(10). What is the highest common factor of a and i?
5
Suppose d + 109 = i, 3*i - 3*d - 339 = -4*d. Suppose -430*v + 31 - 223 = -442*v. What is the highest common divisor of v and i?
16
Let c = -670 - -845. What is the greatest common factor of c and 455?
35
Suppose 178*q - 191*q = -169. What is the highest common divisor of 6071 and q?
13
Let r(j) = -3*j - 9. Let h be r(12). Let u be (-18)/15*h/18. Suppose u = k - 21. What is the highest common divisor of k and 24?
24
Suppose 5*u + 4*w = 721, u - 2*w - 176 = -29. Suppose -3*x + 148 - u = 0. Let r = 12 + -11. Calculate the highest common divisor of r and x.
1
Let d(h) = -h**3 + 7*h**2 - 5*h - 1. Let k be d(6). Suppose 8*g - 12 = k*g. Suppose -138 = -g*f + 502. What is the greatest common divisor of 16 and f?
16
Suppose 0 = -3*n + 8*n - 210. Suppose -2*l + 5*v + 56 = 0, 7*l + 2*v + 140 = 12*l. What is the highest common divisor of n and l?
14
Let o(m) = m**3 - 8*m**2 - 19*m - 13. Let p be o(16). Suppose 3*i + 2*i + a - 2142 = 0, -5*a = -4*i + p. What is the greatest common divisor of 39 and i?
39
Suppose l = 2*q + 24 - 10, -4*q + 5*l - 28 = 0. Let f be (6 - 69)/q*7. Calculate the greatest common factor of 28 and f.
7
Suppose 89*g + 0*g - 89 = -0. Let m be (-7)/(-21) + 5/3. Suppose 0*a + 14 = m*a. Calculate the highest common factor of a and g.
1
Let p = 43 - -16. Let h(v) = -55*v + 1759. Let t be h(32). Let f be (5*1 + t)/(p/1180). What is the highest common divisor of f and 32?
16
Let j = -2 + 4. Let c = 168 - 163. Let i(s) = 2*s**3 - 13*s**2 + 18*s - 9. Let g be i(c). Calculate the greatest common divisor of j and g.
2
Suppose c - 25*i + 30*i - 6060 = 0, 3*c - 6*i - 18054 = 0. What is the greatest common factor of c and 36?
18
Suppose 4*r - 34 = -3*g, 5*r - 24 = r + 2*g. Suppose -22*a + 24*a - 6 = 3*j, -j - 5*a + 32 = 0. What is the greatest common divisor of j and r?
1
Let q(t) = 5*t - 144. Let i be 45/2*12/9. Let h be q(i). What is the greatest common factor of 4 and h?
2
Let p(a) = -21*a**3 - 2*a**2 + 2. Let w be p(-2). Let r(q) = 653*q - 3900. Let c be r(6). Calculate the greatest common factor of c and w.
18
Suppose 35*k - 540 = 8*k. Let y = -17 + 5. Let d be 1/6 + (-46)/y. What is the greatest common factor of k and d?
4
Let w(f) = f**3 + 11*f**2 - 21*f - 4. Let j be w(-12). Suppose 9*u = 5*u + j. Calculate the highest common divisor of 2 and u.
2
Let x = -19 + 19. Let v(w) = w**2 - 2*w + 6. Let n be v(x). Suppose 25 = -n*z + 11*z. Calculate the highest common divisor of 55 and z.
5
Suppose 34384 = 38*h - 20024 - 47850. Calculate the greatest common factor of 78 and h.
39
Suppose -3*c + 228 = 2*h, -20*h + 3*c = -19*h - 96. What is the greatest common divisor of h and 228?
12
Let x = -54 + 231. Suppose 4*p - p + 4*a = x, a + 162 = 3*p. Let s be (-136)/10*p/(-2). What is the highest common divisor of s and 34?
34
Suppose -z - 26 = -5*l, -4*z - 1 = -3*z. Suppose g = -a - a + 177, l*g - 269 = -3*a. Calculate the highest common divisor of 72 and a.
8
Suppose -1113 + 3873 = -43*h + 55*h. What is the highest common factor of h and 1173?
23
Let n = -99 - -194. Let b be (23560/(-2080) + 11 - 2/(-26))/((-2)/304). Calculate the highest common factor of n and b.
19
Let k = -237 + 372. Suppose 0 = 4*i - 3*l - 11 + 3, -3*l = -12. What is the highest common divisor of i and k?
5
Let b = -48 - -69. Let u = -5 + 71. Suppose -72*o + 1386 = -u*o. What is the greatest common divisor of b and o?
21
Let q = 1002 + 138. Let c be q/25*30/(-36)*-3. Calculate the highest common divisor of c and 38.
38
Suppose 3*v - 96 = -9*n + 4*n, -3*n + 9 = 0. Suppose 531 = 6*y - v. Suppose 3*i + 3*h = 24 + 27, 4*i - y = h. Calculate the highest common divisor of 198 and i.
22
Let f(p) = -251*p - 918. Let g be f(-4). What is the highest common factor of 3182 and g?
86
Let h = -2768 + 3016. What is the highest common factor of 76 and h?
4
Let x(f) = 480*f - 2867. Let h be x(6). What is the greatest common divisor of 1053 and h?
13
Let a(z) be the first derivative of -1/3*z**3 - 14 + 2*z - 8*z**2. Let k be a(-12). Calculate the greatest common divisor of k and 10.
10
Suppose 0 = -b + 44 + 71. Suppose 5*v = 0, -5*x = v - b - 395. What is the highest common factor of 6 and x?
6
Let r = -3383 - -4095. Calculate the greatest common factor of r and 80.
8
Let l be (-525)/(-24) + 4/32. Suppose l = 6*r - 122. What is the greatest common divisor of 16 and r?
8
Suppose -3*l = 4*t + 1583, 9*l - 2*t = 6*l - 1607. Let y = 540 + l. Calculate the highest common divisor of 91 and y.
7
Let d = -24 - -28. Suppose -d*v - v = -0*v. Suppose 3 = u - v, -2*u + 42 = 4*s. What is the highest common factor of 9 and s?
9
Suppose 0 = -3*n + 2*m + 76, -5*n + 2 + 116 = m. Let p be -10*3/6 + n. Suppose -p*k + 17*k + 48 = 0. Calculate the greatest common factor of 8 and k.
8
Let z = -530 + 728. Calculate the greatest common divisor of z and 24.
6
Suppose y - x - 3*x - 70 = 0, 107 = 2*y + 3*x. Let i = 62 - y. Calculate the highest common divisor of i and 1.
1
Let b = -71 - -63. Let o(t) = -t + 25. Let g be o(b). Let z = -2 - -5. Calculate the greatest common factor of g and z.
3
Let p(a) = -20*a + 4. Let c be p(-4). Let g be (-405)/6*(13 + -5)/(-4). Suppose 5*b - 75 - g = 0. What is the greatest common factor of b and c?
42
Suppose -8*w - 1488 = -24*w. Let b be 2/(-9) - (-114)/27. Suppose -b*a + 5*g + 28 + 245 = 0, 4*a = -4*g + 228. What is the highest common factor of a and w?
31
Let k be (-166439)/93 + 1/(-3). Let u = 2986 + k. Calculate the highest common factor of u and 52.
52
Let z(t) be the second derivative of t**3/2 + 33*t**2/2 + 69*t. Let b be z(0). Calculate the greatest c